ns digit of v?
3
Let w(a) = -7*a - 1. Let m(s) = s**2 - 3*s - 1. Let x be m(3). What is the units digit of w(x)?
6
Let d(n) = -n. Let f(i) = -i - 1. Let r(v) = 7*d(v) - 6*f(v). Let b be r(4). Suppose 0*x + 3 = -x - 5*c, b*c = -2*x + 2. What is the units digit of x?
2
Let o = 4 - 6. Let k = 22 + -8. What is the units digit of o*(k/(-4) - 0)?
7
Suppose -26*j + 402 = -24*j. What is the units digit of j?
1
Let y(c) = 3*c**2 + 3*c + 1. Let u be y(-2). Suppose -29 = -2*s - g, -3*g + u = -s + 2*s. What is the tens digit of s?
1
Let z be ((-8)/(-10))/(12/(-150)). Let s = 24 + z. Suppose 3*n = 4*n - 2*c - s, 4*n = -c + 29. What is the units digit of n?
8
Suppose 9*b = 11*b - 6. Suppose -b*s + 2*s = -1. What is the units digit of s?
1
Let m(k) = -k + 12. Let d be (2 + -1)/(7/161). Suppose 0 = g + u - 9, 3*g = u + d - 4. What is the units digit of m(g)?
5
Suppose -12*j + 6 = -18. What is the units digit of j?
2
Suppose -201 + 997 = 4*r. Let w = r - 87. What is the units digit of 1/(-3) - w/(-12)?
9
Suppose 2*r = y - 6*y + 47, r - 29 = -3*y. What is the units digit of y?
1
Let j(n) = -4*n. Let u be j(-5). Suppose 2*d + 2 = 4*o - 6, -3*d + u = 2*o. What is the tens digit of 46/4 - 6/d?
1
Let t(b) = 2*b - 12. Let r be t(8). Let i = 0 + r. Let n = 13 - i. What is the units digit of n?
9
Let n = 57 + -26. Let p = n + 1. What is the tens digit of p?
3
Let s(f) = -f**2 + 6*f - 3. Let d be s(4). Let g(a) be the third derivative of a**5/30 - 7*a**4/24 + 6*a**2. What is the tens digit of g(d)?
1
Suppose 0 = -o - 0 + 3. Suppose 4*t = 8*t - 24. Let n = o + t. What is the units digit of n?
9
Let p = 2 - 2. Let y(q) = -q + 2. Let l be y(-2). Suppose p = -5*i - 3*s + 14, 4*i - 18 = l*s - 3*s. What is the units digit of i?
4
Suppose 4*u + 5*c - 3*c - 302 = 0, 3*c - 376 = -5*u. What is the tens digit of u?
7
Suppose n - 15 - 25 = 2*u, -3*n + 128 = 2*u. What is the units digit of n?
2
Let t(j) = j + 13. Let r be t(-10). Suppose 0 = 3*o - 15, 0*z = 2*z - r*o - 17. What is the units digit of z?
6
Suppose -5*v + 5*w = -1800, -2*v - 2*v - 5*w + 1440 = 0. What is the tens digit of v?
6
Let t = -7 + 7. Suppose t = -x + 5 + 11. What is the units digit of x?
6
Let y(o) = 2*o**2 + 5*o + 6. What is the units digit of y(-5)?
1
Let d(r) = r + 4. Let g be d(-5). Let i be (3 - 1)*(g + 0). Let m = 5 - i. What is the units digit of m?
7
Suppose 4*a + 12 = 0, -2*a = -4*b + 2*a - 104. Let r = 40 + b. What is the tens digit of r?
1
Suppose 204 = -5*c + 3*p, 0*c - 136 = 3*c + 5*p. What is the units digit of 2/((-3)/(c/4))?
7
Let a be -74*(-2 - -1)/1. Let o = -17 + a. Suppose 0 = 3*d - o. What is the units digit of d?
9
Suppose 341 = 2*y + 97. Let l = 171 - y. What is the units digit of l?
9
Let w(j) = 13*j**2 - 7*j - 34. Let b(m) = -4*m**2 + 2*m + 11. Let t(n) = 7*b(n) + 2*w(n). What is the units digit of t(0)?
9
Let i be 5/30 + (-169)/6. Let y(r) = -4*r - 2. Let t be y(4). Let v = t - i. What is the units digit of v?
0
Let y = 22 + 13. What is the tens digit of y?
3
What is the units digit of 965/10 + (-3)/2?
5
Let w be (4 + (-30)/4)*24/(-14). Let t be (-8)/(-6) + (-1)/3. Let j = w + t. What is the units digit of j?
7
Suppose 76 = 2*r - r + p, -5*p + 234 = 3*r. What is the tens digit of r?
7
Suppose c + 8 = -c. Let f be (-1 + -3)*(7 + c). Let j = 22 + f. What is the tens digit of j?
1
Suppose -3*b = b - 12. Suppose 0*q + 3*q = b. What is the units digit of q?
1
What is the tens digit of -19*(1 + 0 + -4)?
5
Let k = -19 + 28. What is the units digit of k?
9
Suppose -17 + 492 = 5*l. What is the units digit of l?
5
Let q(i) = -2*i - 11. Let w be q(-8). Let n(l) = -l - 4. Let j be n(-3). Let a = j + w. What is the units digit of a?
4
Suppose -2*b + 5 = -b. Let q(l) = 3*l + 2. What is the units digit of q(b)?
7
Let l = 141 - 8. Suppose -3*g = g - 3*p - 123, 5*p + l = 4*g. What is the units digit of g?
7
What is the hundreds digit of (585/(-20))/(12/(-128))?
3
Let w = 154 + -78. What is the units digit of w?
6
Let l(t) = -2*t**2 - 39*t - 4. What is the hundreds digit of l(-16)?
1
Let v(l) = -l**3 - 5*l**2 + 6*l - 2. What is the hundreds digit of v(-9)?
2
Suppose -o + 60 = 4*o. Suppose -5*w + o = -2*w. What is the units digit of w?
4
Let p be 1 - (-3 - 9/(-3)). Suppose 3*y = h - p - 2, 4*y = -4. Suppose 2 = k - h. What is the units digit of k?
2
Let j(w) = -321*w - 6. What is the tens digit of j(-1)?
1
Suppose m + 97 = 2*r - 2*m, 0 = 5*r + 5*m - 280. What is the tens digit of r?
5
Let c be ((-62)/4)/(3/(-24)). What is the units digit of c/7 + 2/7?
8
Let s(z) = z**2 - 9*z + 4. Let j be 2/3*15/2. Let r be s(j). Let g = -11 - r. What is the units digit of g?
5
Suppose 5*o - 19 = -h - 7, h - 2*o = -2. Let j be 5/2 + 3/h. Suppose -d + j*d - 3 = 0. What is the units digit of d?
1
Let p(n) = 5 - 3*n + n**3 + 3*n + 7*n**2 + 6*n. Let q = 3 + -9. What is the units digit of p(q)?
5
What is the tens digit of 18/81 + 322/9?
3
Suppose 3*v - 42 = -3*h, -h + 0*h + 18 = 3*v. What is the units digit of h?
2
Let q be (-4)/14 - 2070/(-42). Let h = 75 - q. What is the tens digit of h?
2
Let v(h) = -h**2 + h + 51. What is the tens digit of v(0)?
5
Let c = 9 + -4. Let k(i) = -i**2 + 5*i + 6. What is the units digit of k(c)?
6
Let b(w) = -w**2 + 37*w - 14. What is the hundreds digit of b(29)?
2
Let l be -14 + (3 - (-2)/(-1)). Let d(k) = k**3 + 14*k**2 + 10*k - 10. What is the tens digit of d(l)?
2
Let b(i) = -5*i + 9. Suppose 0 = 2*o + 8 + 4. What is the tens digit of b(o)?
3
Let x(l) = -l**2 + 7*l - 11. Let j(p) = p - 1. Let s(y) = 6*j(y) - x(y). What is the units digit of s(0)?
5
Let x = 140 + -44. What is the tens digit of x?
9
Let i(j) = -j**2 + 3*j + 3. Suppose 6 = 4*c - 6. Let a be i(c). Suppose v = 5*q - 12 - a, 2*q - 6 = 4*v. What is the units digit of q?
3
Let z(i) = -i**3 + 11*i**2 + 2*i - 5. What is the units digit of z(10)?
5
Let f = 13 + 4. What is the units digit of f?
7
Let f(z) = 3 - 3*z**2 + z**3 + 8*z**2 - 2*z - 10. What is the units digit of f(-5)?
3
Let g = 1 + -1. Let l be -1*0/(g + 1). Suppose k + 2 - 6 = l. What is the units digit of k?
4
Suppose -3 = -2*p - 3*f - 5, f = -2*p + 2. Suppose -8 = p*c + 4*x, 3*c + 0 + 17 = -5*x. What is the units digit of ((-7)/c)/((-1)/(-4))?
2
Suppose 5*y - 4*i - 15 = 691, -y + i + 142 = 0. What is the hundreds digit of y?
1
Suppose 8 = w - 3*w. Let o = 39 + -45. Let i = w - o. What is the units digit of i?
2
Let k(a) = -5*a - 8. What is the tens digit of k(-10)?
4
Let g = -10 - -3. Let v = 5 + g. Let h = v - -3. What is the units digit of h?
1
Let d = 33 - -30. What is the tens digit of d?
6
What is the units digit of (-2)/5 - (-47)/5?
9
Suppose -2*a = 3*z - 111, -6*a + 4*a = z - 41. What is the tens digit of z?
3
What is the tens digit of (-3*3/36)/((-3)/2676)?
2
Suppose 2*i - 5*o - 2 = 4, 4*i = -2*o + 12. Suppose -2*z = -i*z - k - 3, -3*z + k = -7. What is the units digit of z?
1
Let c(b) = -4*b**2 + 2*b + 1. Let o(k) = -9*k**2 + 4*k + 2. Let w(x) = -7*c(x) + 3*o(x). What is the units digit of w(4)?
7
Let a(l) = 8*l + 3. Suppose -4*x = -3*k + 2*k - 17, -3*k + 4 = -x. What is the tens digit of a(k)?
2
Suppose 3*l = 12*l - 603. What is the tens digit of l?
6
What is the tens digit of -1*3 - (-10 - 55)?
6
Suppose -7*m = -27 - 22. What is the units digit of m?
7
Let i(o) = -o**3 + 6*o**2 + 6*o + 10. Let b be i(7). Suppose -b*l - j + 8 = l, l - j = 2. Suppose -2 = l*u - 16. What is the units digit of u?
7
Let r = 100 - 17. What is the tens digit of r?
8
Let h(k) = -2*k + 4. Let j be h(-8). Suppose 0 = -5*a + j. What is the units digit of a?
4
Suppose -5*g + 31 = -2*s, 0 = 5*g - 2*s - s - 29. What is the units digit of (-351)/(-21) - (-2)/g?
7
Let u(m) = 2*m**3 - 4*m**2 + 2*m + 11. What is the units digit of u(4)?
3
Let q(b) = -5*b**2 - 16*b + 2. Let y(p) = p**2 + p - 1. Let x(c) = q(c) + 4*y(c). What is the units digit of x(-5)?
3
Let n(p) = -p**2 + 9*p - 5. Suppose -31 - 9 = -5*a. Let s be n(a). Suppose s*x + 22 = l, -8*l = -3*l - 4*x - 55. What is the units digit of l?
7
Let b = 1 + 2. What is the units digit of b*(4/(-6))/(-2)?
1
Let d(n) = 7*n**3 + 2*n - 3. Let o be d(2). Suppose o = -5*j + 297. Suppose j = -0*a + 3*a. What is the units digit of a?
6
Let j(b) be the first derivative of -b**5/20 + b**4/2 - 2*b**3/3 - b**2/2 - 2*b - 2. Let h(k) be the first deriv